culate the greatest common factor of v and s.
11
Let g = 1915 - 1643. What is the highest common factor of g and 144?
16
Let s(x) = -x**3 + 33*x**2 + 10*x + 78. Let d be s(33). What is the greatest common factor of 16 and d?
8
Suppose 0 = -9*z + 1259 + 2917. Calculate the greatest common divisor of z and 80.
16
Suppose 7*f = 43*f - 52200. What is the highest common factor of 29 and f?
29
Let g be 6/(18/33)*-4. Let u = g - -49. Suppose 5*l = f + 121, 0*l - 4*f = -2*l + 34. Calculate the greatest common factor of u and l.
5
Let k be (45/(-27))/(((-3)/(-585))/(-1)). Calculate the highest common factor of k and 26.
13
Suppose -9 = -2*j - 1. Suppose 0 = -3*i, 0*u = -j*u + 5*i + 12. Let d(f) = 4*f**2 - 7*f + 3. Let x be d(u). Calculate the greatest common factor of x and 144.
18
Let j = -26 + 47. Let s(c) = 14*c + 77. Let t be s(5). Calculate the greatest common factor of j and t.
21
Let s(q) = 3*q - 7. Let u be -18*3/(-6) + -4. Let n be s(u). What is the greatest common factor of 24 and n?
8
Let t = 983 + -936. Calculate the highest common divisor of 1363 and t.
47
Suppose 126 = 2*z + 4*d, -4*z = d + 12 - 236. Calculate the greatest common divisor of 605 and z.
55
Let n be 3 - (-462 - (0 + 3)). Calculate the highest common divisor of n and 36.
36
Let j be (840/(-588))/((-2)/7). Let l = 69 - 29. What is the highest common factor of l and j?
5
Let r be (-11763)/(-24) - 1*5/40. What is the greatest common divisor of 35 and r?
35
Let x = 3654 - 2235. What is the greatest common factor of x and 66?
33
Let x(o) = -2*o**3 - 2*o**2 - 7*o + 9. Let i be x(-4). Calculate the greatest common divisor of 57 and i.
19
Suppose -5*d + 244 + 203 = w, -5*d + 3*w + 459 = 0. What is the greatest common divisor of d and 18?
18
Suppose -16 = -4*s - 0*s. Suppose -2*c = -s*t + 2*c + 488, 249 = 2*t - 3*c. Calculate the greatest common factor of 39 and t.
39
Suppose 3*w - 52 = -2*o, -136 = -3*o + 5*w - 20. Calculate the highest common factor of o and 1024.
32
Suppose -9*s + 2*s = -42. Let c = 26 - 5. Suppose 2*u + 5*t = c, 3*t = -u - t + 15. Calculate the greatest common divisor of s and u.
3
Suppose 0 = -s - 0*s + 4. Suppose z + 9*n - 25 = s*n, -2*z = -3*n - 11. Suppose 75 = -28*v + 33*v. Calculate the greatest common factor of v and z.
5
Let b = 385 + -214. Let t = b - 50. Let w be -2*(-12)/8 + 0 + 8. Calculate the highest common factor of t and w.
11
Suppose 0 = 3*b - 4 - 2. Suppose -b*h = 2*h - 96. Suppose -2*w = -3*u - 15, h = 3*w - u - 2. Calculate the highest common divisor of 81 and w.
9
Let w(d) = d**3 - 32*d**2 + 37*d - 66. Let f be w(31). Calculate the greatest common factor of f and 288.
24
Let l be (-1*2)/(2/(-81)*3). Let t be 2/((24/l - 1)/(-1)). Calculate the greatest common divisor of t and 36.
18
Suppose h - 3*o + 0 = 6, 5*h - 4*o - 74 = 0. Let u(i) = -2*i**2 - 23*i + 88. Let x be u(-14). What is the greatest common factor of h and x?
18
Suppose 4 = -2*d + b - 0*b, -7 = 5*d - b. Let i be 10 - 0/(4 + d)*1. Calculate the greatest common divisor of 25 and i.
5
Let o(u) = 10*u**2 + 77*u - 2. Let s be o(-8). What is the highest common divisor of 6 and s?
2
Suppose 5*t + 5*o = -287 + 1357, -2*o = 4*t - 860. Let i be 54/4*(-6)/(-3). What is the highest common divisor of t and i?
27
Let j(a) = 12*a - 11. Let n be j(2). Calculate the greatest common divisor of 39 and n.
13
Let t be 3/(-12) + 94/(-8). Let y be (-7)/(-3) - (-4)/t. Let k be (62/y)/(13 - 12). What is the greatest common divisor of k and 31?
31
Let v(p) = -p**3 - 7*p**2 + 8*p + 9. Let k be v(-8). Suppose u = k + 9. Let x = -130 + 328. Calculate the greatest common factor of u and x.
18
Let g(n) = -4*n**2 + 260*n + 12. Let o be g(63). What is the greatest common factor of o and 48?
12
Suppose -72 = -21*x + 17*x. What is the greatest common divisor of 8 and x?
2
Suppose 0 = r + 3*r + 3*q + 229, 4*r + 219 = -5*q. Let l = -55 - r. Calculate the greatest common divisor of 66 and l.
6
Let h(t) = -10*t + 14*t - 4 + 4 - 2*t**2 + 34*t**3. Let q be h(2). Calculate the highest common divisor of 34 and q.
34
Let h be 18*1*(-1824)/(-171). What is the greatest common factor of h and 240?
48
Let r be ((-749)/(-42))/(1/6). Let q = r - 106. Calculate the highest common factor of 2 and q.
1
Let s be (2 + 0 - 3)*(3 - 8). Calculate the greatest common divisor of 65 and s.
5
Let o(j) = -6*j**3 + 2*j**2 - 6*j - 8. Let t be o(-3). What is the highest common factor of t and 60?
10
Let t(l) = -l**3 + 3*l - 2. Let h be t(-3). Calculate the highest common divisor of h and 136.
8
Let i be -8*((-21)/6)/7. Suppose h - 3*b - 15 = 0, -28 = -3*h + h + i*b. Suppose 1 + 3 = -4*d, d = f - 9. Calculate the greatest common divisor of f and h.
4
Let y(k) = -k**2 - 9*k - 3. Let m(s) = -2*s**2 - 12*s - 15. Let f be m(-7). Let w = f + 23. Let l be y(w). What is the highest common divisor of l and 15?
15
Suppose w = 3*w - 12. Let g be 22/(-4)*((-240)/(-4))/(-5). What is the greatest common divisor of g and w?
6
Suppose 5*s + 3*v - 159 = 0, 0 = 5*s - 19*v + 18*v - 167. What is the greatest common factor of s and 11?
11
Suppose -2*i - 1 - 26 = -b, -32 = 2*i - 2*b. Let z(v) = v**3 + 2*v**2 + 7*v - 1. Let y be z(-3). Let u = i - y. What is the highest common divisor of u and 4?
4
Let b(k) = -6*k + 212. Let w be b(35). Calculate the greatest common divisor of 122 and w.
2
Let t be 1*6/4*4. Calculate the highest common divisor of t and 42.
6
Let g = 16 + -15. Let o(p) = -10*p + 0*p + 8*p**2 - p**2 + g + p**3. Let b be o(-8). What is the greatest common factor of b and 17?
17
Let c(d) be the first derivative of -d**4/2 - 10*d**3/3 - 8. Let j be c(-6). Calculate the highest common divisor of 180 and j.
36
Suppose 3*i - 4 - 2 = 0. Suppose -14 - 11 = -i*v - 5*s, -3*s = -v + 7. Calculate the greatest common factor of v and 70.
10
Suppose -5*r = 4*u - 2, -u = 5*r - r + 5. Let y be 2*17/14 - 6/14. What is the greatest common divisor of y and u?
1
Suppose -4*p + 990 = -3*d, 3*p - 4*p = 0. Let x be d/25*80/(-6). Calculate the greatest common divisor of 22 and x.
22
Suppose 18 = 2*a - 2. Let y be (8/10)/(20/50). Suppose -4*v + i + 158 = 0, 6*v + y*i = 4*v + 84. What is the highest common factor of a and v?
10
Let a(g) = 4*g**2 - 3*g + 6. Let z(u) = -u**3 + 3*u**2 + 3*u - 1. Let y be z(4). Let k be a(y). What is the highest common factor of k and 11?
11
Suppose -123 = -4*s + 9. Let k be (-1050)/(-40) - 6/(-8). Let n = k + -16. Calculate the highest common factor of n and s.
11
Suppose -2*c + 734 = 2*t - 360, -c = 2*t - 550. What is the highest common factor of 17 and c?
17
Suppose -d + 1 = -5*n + 13, 4*d - 28 = n. Suppose -8*z + z = -175. Suppose 2*w - z = 7. What is the greatest common divisor of d and w?
8
Let b = 14 - 2. Let g(h) = h**3 + 14*h**2 + 8*h - 29. Let t be g(-13). What is the greatest common divisor of b and t?
12
Suppose 3*d + 25 + 5 = 0. Let o = 18 + d. What is the greatest common divisor of o and 16?
8
Suppose -4*j + 28 = -0*j. Suppose -3*l - 135 = -30. Let z = -21 - l. Calculate the greatest common factor of j and z.
7
Suppose 0 = -g - a + 6*a - 5, 4*a = -2*g + 46. What is the highest common divisor of 435 and g?
15
Suppose -3*g = 2*v - 5*v + 63, -g - 2 = 0. Calculate the highest common divisor of v and 19.
19
Let b(d) = -d**3 - 9*d**2 - 16*d - 2. Let y be b(-7). Let k be y*4*3/6. Let p = k + -18. Calculate the highest common factor of p and 60.
6
Suppose 14*i = 10*i + 80. What is the greatest common divisor of 220 and i?
20
Let q(n) be the first derivative of n**3/3 - 7*n**2 + n + 23. Let s be q(14). Calculate the greatest common divisor of 1 and s.
1
Suppose -13*d - 388 = -15*d. Suppose 3*l + 2*g = d, -5*l + 315 = -3*g - 2. What is the greatest common divisor of 4 and l?
4
Let j = 114 - 253. Let m = j + 577. Suppose a = 5*l - a - m, 3*a - 443 = -5*l. What is the highest common factor of l and 22?
22
Let t(c) = 5*c**2 + 6*c - 1. Let l(u) = -3*u**3 - u**2 - u + 1. Let v be l(1). Let a be t(v). Calculate the greatest common factor of a and 5.
5
Suppose m - 1102 = -18*m. What is the highest common factor of m and 116?
58
Suppose -50*q + 51*q = -6. Let o be (-2)/q*-2 - 592/(-6). What is the greatest common factor of o and 14?
14
Let r be 63/(-28) - -2 - 507/(-12). Calculate the greatest common divisor of 56 and r.
14
Let r(f) = -f + 1. Let n be